me?
True
Let a(b) = -b**3 + 15*b**2 - b - 7. Let o be a(7). Suppose -o - 3 = -3*t. Is t composite?
False
Let b(n) be the first derivative of 215*n**3/3 + n**2/2 + 3*n + 5. Is b(2) prime?
False
Is ((-6)/(84/(-217)))/(1/2) composite?
False
Suppose 2*c = -4*p + 3418, 0 = 2*p + 2*c - 1769 + 57. Is p composite?
False
Suppose 0 = h + 3*s - 682, 1088 = h - s + 410. Let t = -270 + h. Is t a composite number?
False
Let a(r) = 29*r**3 + r**2 + 3*r + 1. Let c be a(-2). Let g = c - -618. Suppose 7*b - 2*b = g. Is b a prime number?
False
Let s = -228 + 445. Is s prime?
False
Let q(c) = 3*c - 4. Let z be q(6). Let l = z - 10. Is 130/l - 6/4 a prime number?
True
Let b(c) = 2*c + 9. Let r be b(-6). Let i = -3 - r. Is i*1/(-3) + 3 prime?
True
Let p be (1/3)/(1/15). Let t be (-3)/(-15) - 126/p. Let d = t + 48. Is d prime?
True
Suppose -3*v + 801 = 5*u - 5*v, -u = v - 163. Suppose 5*d = 4*d + u. Is d prime?
False
Let a be (2/3)/((-2)/(-12)). Suppose 0 = 2*z - a*z - x + 100, 3*x = 6. Suppose 2*w - 3*b - z + 18 = 0, -4*b = w + 1. Is w a prime number?
True
Suppose 3*j - 5607 = 3*f, -2*f + 3*f - 3744 = -2*j. Is j prime?
True
Let j(l) = 20*l**2 - l - 17. Is j(-4) a composite number?
False
Is 326*(1 + (-2 - -2)) a prime number?
False
Suppose 0*x - 12 = 2*x. Is (-1137)/x - (-15)/10 a composite number?
False
Is ((-446)/(-8))/((-8)/(-224)) a prime number?
False
Let h = 81 - -46. Suppose -h = -c - 0*c. Is c prime?
True
Suppose k - 50 - 38 = 3*u, 0 = -u - 2*k - 34. Suppose 0*h = -5*h - 55. Let o = h - u. Is o prime?
True
Let s(i) = 8*i**3 - i**2 + i + 1. Let k be s(-2). Is -2 + -3*k/9 composite?
True
Let u = 2 - 0. Suppose u*d + 3*d = 575. Is d a prime number?
False
Let l(q) = 3*q**2 + 8*q + 18. Let a(i) = -5*i - 4. Let j be a(-3). Is l(j) composite?
True
Suppose -4*v + 2*c = -c - 19, -4*c = -4*v + 24. Is v*(-3)/((-9)/537) a composite number?
False
Let u be (-2)/3*3*-2. Let l(w) = 15*w - 24. Let i be l(16). Suppose 4*d - 3*d + u*o = 47, 0 = 3*d - 3*o - i. Is d a prime number?
True
Let o(w) = 3*w - 4. Let j be o(-5). Is (j/1)/(6 - 7) composite?
False
Let f = -11 - -15. Suppose -y + d + 15 = y, -4*y = f*d. Suppose -y*u + 3*a + 146 = -39, -5*a = -u + 37. Is u a composite number?
False
Let r(t) = -t**3 + t**2 - 3*t - 3. Let l = 16 + -8. Suppose -3*f = l - 2. Is r(f) a prime number?
False
Let s be 18/(-4)*(-16)/24. Suppose 0*w - w = -4*t - 207, -1058 = -5*w - s*t. Is w composite?
False
Suppose 0 = 4*x - 5*x + 5*w + 663, -2*x - 4*w + 1354 = 0. Is x prime?
True
Let l(t) be the second derivative of t**5/20 - t**4/3 + 5*t**3/6 - 3*t**2 + t. Let i = 0 - -4. Is l(i) prime?
False
Let y be 16826/(-10) - 26/65. Let n = -1192 - y. Is n prime?
True
Let u(p) = 46*p**3 - 3*p**2 - p - 1. Is u(3) prime?
False
Suppose 7*q = 2*q. Suppose q = 4*r + 4*k - 32, 2*r + 4*k = -0*r + 10. Suppose -25 = -5*a, -5*a - r = -2*w - 2*a. Is w prime?
True
Let r be (-1 - (3 - 2)) + 3. Let j be (-1 - -2) + r + 1. Is 95/j - 2/3 a prime number?
True
Let q be (-2 - -1)/((-1)/(-18)). Let m be -3*3/q*16. Is 12/m*178/3 composite?
False
Let b(c) = -c + 235. Is b(0) a prime number?
False
Suppose -54765 = 55*c - 64*c. Is c prime?
False
Suppose 0 = -c + 2*d + 103 + 43, 4*d = -20. Suppose -3*g + c = g. Is g a prime number?
False
Let u be 1/(-4) - 69/12. Let h(d) = 3*d**2 + 5*d + 1. Is h(u) a composite number?
False
Let m(j) = j**3 - j**2 - j - 1. Let y be m(2). Let n = 35 + -36. Is y - -26 - (3 + n) prime?
False
Suppose -3*n = -3*p + 2019, -7*n + 6*n + 3365 = 5*p. Is p prime?
True
Suppose 711 = 5*x - 304. Is x prime?
False
Let m be (-2 - -3) + 344*1. Suppose f - 4*f = -m. Is f composite?
True
Let f(h) = 20*h - 1. Let v be f(4). Let p = v - 14. Is p composite?
True
Let m(y) be the first derivative of -y**3/3 - 15*y**2/2 - 7*y - 3. Is m(-13) prime?
True
Let d(i) = -i**3 - 5*i**2 - 5*i - 4. Let v be d(-4). Suppose 3*y - o = 44, 5*o + 64 = 3*y - v*o. Is y a composite number?
False
Suppose p - 2*t + 0*t - 40 = 0, 5*t + 148 = 4*p. Suppose -3*q - p = 25. Let f = q + 98. Is f a composite number?
False
Let a be 18/12*(-8)/6. Let z be 1/(0 - (-1)/a). Is (-1 - z) + 10 + -1 a composite number?
True
Let i(m) = m**3 + 5*m**2 + 3*m + 1. Let c be i(-4). Suppose 0 = 4*l - 7*l + 3084. Suppose -l = f - c*f. Is f prime?
True
Is (-238)/(-4) + 33/(-22) a composite number?
True
Let q(n) = -2*n**3 + 2*n**2 - n - 3. Let p be q(-4). Let d = 5 - 53. Let g = d + p. Is g a composite number?
False
Let u(v) = -v**3 + v + 51. Let r(h) = -h + 8. Suppose -3*s + 24 = -0*s. Let y be r(s). Is u(y) a prime number?
False
Suppose -5 = -2*u + 27. Suppose -u + 2 = -2*g. Suppose 2*b + 385 = g*b. Is b composite?
True
Suppose -2*f + 605 = 3*f. Is f composite?
True
Let g(m) = 0*m**3 + 5*m**3 + 2 - 2*m**2 + 3 - 6*m**3. Is g(-4) a composite number?
False
Let z be 44/14 - 1/7. Suppose 2*q - 3*x = -2, z*q + 0*x = 2*x + 7. Let c(l) = l**3 + 2*l**2 - 7*l + 5. Is c(q) composite?
True
Let r = -4 + 9. Suppose -5*b + 115 = 2*w - 69, 187 = r*b + w. Is b a composite number?
True
Let j = 84 + -47. Is j prime?
True
Let x = -22 - -37. Is (-10)/x*(-93)/2 a prime number?
True
Let q(x) = x - 1. Let g be q(2). Suppose 0 = -5*h - 3*s + 696, -4*s + g - 13 = 0. Is h a composite number?
True
Let q(t) = -t**2 - 2*t - 7. Let h be q(-6). Is (h/3)/(1/(-3)) prime?
True
Suppose -20 = -5*y - 4*f - f, 0 = 2*y + 3*f - 3. Is (-3)/y + (-268)/(-3) a composite number?
False
Suppose -5*v = -4*w - 588, v + 0*w - 5*w = 105. Let y = v + 99. Is y a composite number?
True
Let v = 4 - -1. Let l(a) be the first derivative of 8*a**3/3 - 3*a**2 - 3*a + 2. Is l(v) prime?
True
Suppose 4*j + 2*a + 2*a + 48 = 0, 5*j - a + 84 = 0. Let l(m) = 10*m**2 - 3*m - 4. Let q be l(-2). Let z = q + j. Is z a prime number?
False
Suppose 0 = -2*r + 3*r - 2, 0 = -x - 4*r + 662. Let a = -241 + x. Is a a prime number?
False
Is 420/4 + 3 - -3 a composite number?
True
Suppose 2*n - 4*n = 5*f - 14, -2*n + f = -2. Suppose -n*y = -4*y - 12. Let c(i) = -20*i + 7. Is c(y) prime?
True
Let j(f) = 2*f + 1. Let x be j(1). Let l be (2 - 1) + (-3)/x. Is 190*(l + 3/6) a composite number?
True
Let g be (3 - (-1 + 7))/(-1). Is (-1 - 0)/(g/(-201)) a prime number?
True
Let b(l) = l. Suppose -12 - 6 = 3*o. Let u be o/2*1*-1. Is b(u) composite?
False
Let o(g) = g**3 + 5*g**2 - 3*g + 5. Let b be o(-5). Suppose -b = -h - 3*h. Suppose 0 = 4*f - 3*k - 83, h*f - 2*f - 57 = 4*k. Is f prime?
True
Let y be (-16)/6 + (-1)/3. Let s(j) be the first derivative of -49*j**2/2 - 2*j + 6. Is s(y) a composite number?
True
Suppose -2*c = -5*d - 183, 400 = 5*c + d - 2*d. Is c a composite number?
False
Let k(a) = 39*a**3 - 5*a**2 - 3*a - 2. Let l(t) = t**2 + t + 1. Let n(w) = -k(w) - 3*l(w). Let i be n(-1). Let m = i - 5. Is m a prime number?
False
Suppose 4*t + 4*p = 1640, t = -5*p + 186 + 204. Let l = t + 240. Is l composite?
True
Suppose 3*f = 3*w, 3*f = 5*w - f. Suppose -4*i + w*i = -184. Is i prime?
False
Is (2 + 0)*(-1035)/(-18) a composite number?
True
Let o = 21 - 12. Suppose -o + 3 = -2*q. Suppose -5*v + g + 244 = -2*g, -q*v + 3*g = -150. Is v composite?
False
Let j(o) = 3*o**3 + 22*o**2 + 51*o + 12. Let g(w) = w**3 + 7*w**2 + 17*w + 4. Let d(z) = 17*g(z) - 6*j(z). Let a be d(-12). Let h = 11 + a. Is h a prime number?
True
Let j be (2*73 + 2)/1. Let c = -16 + 19. Suppose 0 = q + c*q - j. Is q composite?
False
Suppose -7*g + 2*g + 7925 = 3*p, 2*g - 3170 = -2*p. Is g a prime number?
False
Let x = 838 + -456. Is x a composite number?
True
Let p be (0 - 2/3)*-66. Let u = 105 + p. Is u a composite number?
False
Suppose -8*f + 4*f + 148 = 0. Let x = -2 + 1. Is (0 - f)/(x - 0) composite?
False
Suppose -14*k = -11*k - 429. Is k a composite number?
True
Let u = 5286 - 967. Is u composite?
True
Suppose f - 791 = -3*c, 2*f - 4*c - 607 - 975 = 0. Is f composite?
True
Let r(m) = m**2 + 7*m + 4. Let c(t) = t**3 - 4*t**2 - 2. Let o be c(4). Let y be 12/9*15/o. Is r(y) prime?
False
Is 57 - 0 - (-4)/(-2) a composite number?
True
Let b(a) = -3*a - 5*a + 3*a + a. Let q be b(-5). Suppose 3*u = 4*s - 356, 0*u - 5*u = q. Is s composite?
True
Let r(s) = s + 3. Let q be r(3). Let d be ((-638)/q)/((-5)/15). Suppose 0 = -3*k - 4*o + 111 + 114, -d = -4*k + o. Is k a composite number?
False
Let i = 6 - 3. Let w be (-1414)/(-6) - (-1)/i. Let d = w + -75. Is d composite?
True
Suppose -101 